
-13
22 + 2 - (13 - -7 - 14)
18
Calculate -2 - 16 - (-353 - -332).
3
Evaluate -5 + (8 - 15 - -8) - (-6 + 2).
0
Calculate 6 + (-23 - -15) + -6.
-8
Evaluate 4 - (4 + (11 - 14) + -3).
6
(28 - 27) + 3 + -2
2
What is (-1 - 0) + -1 + (-15 - -10 - 4)?
-11
Calculate 14 + (18 - 37) - 1.
-6
Calculate -36 - 2 - (-3 - (10 + -20 + 14)).
-31
(24 - 3) + (-11 + 7 - (-4 - -8))
13
-16 - (-14 + (-26 - -10)) - (6 - -2)
6
What is the value of (44 - 36) + (-1 - (2 + -4) - 4)?
5
What is the value of -19 - (9 + -12) - -18?
2
Calculate 10 - (-41 - -42 - ((-1 - -1) + 5)).
14
Calculate 16 + 37 + -59 + -32.
-38
-6 + 1 + (-802 - -807)
0
Evaluate 12 + (5 - -1) + (11 - 21) + -30.
-22
What is the value of (9 + -5 + -5 - 2) + -1?
-4
What is 9 + (-3 - (0 + 0) - (-11 + 12))?
5
(253 - 260) + 1 + (-6 - 1)
-13
Evaluate (-10 + 20 - 5 - 3) + -35.
-33
Evaluate 23 + (-15 - 15) + 6.
-1
Evaluate 10 + -39 + 7 + 8.
-14
Calculate -7 - (0 + -3 + 1 - -8).
-13
What is 2 + (-1 - -3) - (7 - (1 + 0))?
-2
Calculate -11 - -17 - 10 - 3 - -14.
7
What is 20 - (57 - (9 - 1))?
-29
Evaluate 0 - 4 - (635 + -643).
4
Calculate (-5 + 9 - 8) + (0 - -9) + 6.
11
What is -3 - (-8 + 2 + 11 + 3)?
-11
What is the value of 10 - (9 - 8) - -2?
11
What is the value of 15 + -18 + 7 - 11?
-7
Evaluate 1293 + -1302 + (-17 - 0 - 0).
-26
Calculate -4 - (-50 - (4 - 14)).
36
14 + 3 + 15 + -22
10
What is the value of (-36 - -42 - (17 - 3)) + 12?
4
What is 2 + 1 + (8 - 3) + -5?
3
What is -8 + (2 - -13) - (6 - (-6 + 6))?
1
Evaluate 0 + (-2 - -8) - (-24 - -40 - 15).
5
What is (-27 - -43) + (6 + -8 - (2 - 1))?
13
What is the value of 1 + -10 - ((-9 - (-8 - 4)) + 8)?
-20
Calculate (-45 - -45) + (-2 + 3 - 6) - 17.
-22
What is the value of 30 - (-19 + 67) - -6?
-12
What is the value of -35 + (25 - -5) - (-2 + 1 + 8)?
-12
3 + (-5 - 11) + (-7 - (-4 - -1))
-17
Calculate 7 + (-5 - 15 - (-7 - 2)).
-4
What is the value of (-6 - (9 - 18 - 6)) + 8 + -7?
10
What is the value of (-6 - 6) + 6 + 5?
-1
5 - (-2 + 5 + 22)
-20
What is 17 + 4 - 63 - -23?
-19
What is -30 - -34 - (4 - -3) - (1 + -7)?
3
-14 + 2 + 26 + -32 + 39
21
12 + -8 + -5 + (8 - 16 - -6)
-3
What is the value of (-9 - 2) + -9 - -7?
-13
Calculate -4 + 8 + -9 + -13.
-18
Calculate (4 - -10) + (145 - 146).
13
What is -48 + 24 + 17 - (-1 + 3 - -7)?
-16
(-14 - -6) + (-15 - -17)
-6
13 + -2 - ((-12 - -8 - 9) + 5)
19
Calculate (4 - 1 - -15) + (8 - 11) + -1.
14
What is 12 - (12 - (-7 - -10 - 2))?
1
What is -1 + (-14 - (-12 - -6)) - (24 - 5)?
-28
Evaluate -2 + 4 + -10 + -1 - -11.
2
Evaluate -1 + -5 + (-9 - -24) - 25.
-16
What is -6 - (25 + -32 + -10)?
11
What is 1 - ((-7 - -10) + (28 - 23))?
-7
Calculate 17 + -19 + 24 + -38.
-16
24 + (17 - 60) + 6
-13
Evaluate 3 + 4 + -3 + 5 - (-157 - -161).
5
Calculate 2 + 2 - 3 - (5 + 0 + -9).
5
What is 6 + -4 + 6 + 3 + -11?
0
-16 - (-3 + 3 + -4 + -3)
-9
-17 + (30 - 18 - 11) + (-6 - 0)
-22
Calculate 4 + -5 - -16 - (47 - 60).
28
Calculate -10 + (8 - (11 - -1) - -11).
-3
What is the value of 2 - (-95 - -84 - (-1 - (-1 - -4)))?
9
Calculate 18 + -1 - (3 - (4 - -2)).
20
Evaluate -9 - -2 - (5 + -42 - (-3 + 10)).
37
What is -7 + -39 + (-45 - -72)?
-19
Evaluate 0 + 23 + (14 - -6) + 30 + -53.
20
What is the value of 24 - (25 - (-27 - -50))?
22
Evaluate 0 - -5 - ((-29 - -49) + -21 + -2).
8
What is the value of (-6 - 6 - -30) + -5 + -1?
12
-29 + (25 - -30) - 9
17
What is the value of 3 - ((-3 - 7) + 21 - 11)?
3
What is 0 - 3 - -11 - (20 + -21)?
9
What is 6 - (13 - (2 + -1 + 7))?
1
What is the value of (-10 - -5 - -11) + -2 + 2 + -1?
5
Calculate 8 - (-6 + (17 - (5 + 1)) + -4).
7
What is the value of -2 + 3 + 41 + -66?
-24
Calculate (-15 + 9 - -17) + -26.
-15
What is the value of -9 + 0 - (-64 + 17 + 29)?
9
(-372 - -388) + -31 + 3
-12
(49 - 37) + (-9 - -9)
12
Evaluate -7 + (5 - 4) + (-1 - (3 + -21)).
11
-81 + 68 - (-10 - -5)
-8
Calculate -16 + -5 + 1 + (-11 - (5 - 23)).
-13
What is the value of 4 + 2 + 1 + -10 + -1?
-4
Calculate -45 + 2 - (542 - 564).
-21
What is the value of (-5 - -20) + 0 - -13?
28
What is -32 + (-14 - -30) + (38 - -2)?
24
What is (-40 + 12 - -9) + (49 - -6)?
36
Evaluate 25 + -4 - 4 - (3 + 21).
-7
What is the value of (18 - (10 - (-13 + 4))) + -12 + 0?
-13
Calculate (47 - 24) + -20 - (-1 + (0 - -32)).
-28
Evaluate 9 - (-3 + 30 + -20).
2
-3 - (4 + -9) - (0 + (18 - 3))
-13
What is the value of -2 - (-1 + (-12 - (16 - 20)))?
7
Calculate 3 - 0 - (-16 - (1 + 6 - 23)).
3
Evaluate -9 + -1 - (7 - (10 + -10 - 1)).
-18
What is the value of 14 + (1 - (-2 + (12 - 7)))?
12
What is the value of -26 - -69 - 11 - 17?
15
Calculate 3 + (-11 - -17) + (4 - (0 - -10)).
3
What is the value of 6 - ((19 - (8 - 6)) + -7 + 1)?
-5
-20 + 22 + -2 + 6 + -11
-5
What is the value of (23 - 15 - 13) + -2 + -8?
-15
What is the value of 24 - (-23 + 28 - -10)?
9
Evaluate -6 - -12 - 5 - (-1 - (5 + -10)).
-3
What is the value of -5 - (50 + -45 - (0 - -25))?
15
2 - (-13 - (-6 - -4)) - 3
10
Calculate -11 + -1 - (3 - (23 - 8)).
0
-9 - (17 - (19 + 17))
10
What is -5 + (0 - -3) + -8?
-10
Calculate 21 + -14 + 11 - (-1 - (-1 + -3)).
15
What is the value of 13 + -26 + 6 - -10?
3
Evaluate 21 - 46 - -17 - (17 - 2 - 3).
-20
Evaluate -43 + 37 + (1 - 0 - (-11 + -1)).
7
Calculate (-218 + 210 - (1 + 6)) + (-1 - -3).
-13
-2 - (-1 - 0) - (24 + -21)
-4
What is -32 - -39 - (3 + 3)?
1
What is 10 + (-15 - -28) + -28?
-5
Evaluate -16 + (3 - -2) + (-4 - -10).
-5
What is the value of (7 - 4 - -3) + 28 + -34?
0
Calculate (3 - (5 + -2 - -2)) + 4.
2
Evaluate -13 + 13 + 10 - (-11 + 2).
19
7 + (-13 - (-3 + 6))
-9
5 - -1 - (-1 + -1 + 3 + 1)
4
Evaluate 97 - 98 - (1 - 2 - (2 + -1)).
1
(2 - (3 + (1 - (8 + -1)))) + 5
10
Calculate -40 + 28 + 14 - 8.
-6
What is the value of 0 - (9 + (2 - 14))?
3
13 + (-4 + -2 - -3)
10
Evaluate ((18 - 1) + -14 - 13) + 6.
-4
What is -3 + (20 - (-2 - -11))?
8
What is the value of (1 - -13) + (142 - 147)?
9
Calculate (1 - 4) + -10 - (242 - 245).
-10
Calculate (-3 - (-22 + 1)) + (12 - 21) - -3.
12
Evaluate (-10 - -28) + -38 - -19.
-1
Evaluate (-4 - (-2 + -3)) + (4 - (23 + 13)).
-31
What is the value of (-5 - -8) + (7 - 15) + 10?
5
Evaluate (-1 - 1) + -3 + (-19 + 41 - 14).
3
Calculate 0 - 0 - (21 + -13) - -7.
-1
What is (25 - (37 - 0)) + 24?
12
-15 + 3 - -23 - 0
11
What is the value of -21 + (24 - (37 + -33))?
-1
What is the value of 14 + (-9 - -16 - 40)?
-19
Evaluate 1 + 12 + 1 - (-26 - -38).
2
(-32 + 47 - -1) + 3
19
Calculate -52 - -37 - (5 + -24).
4
-2 + (57 - (39 + -7))
23
What is the value of (0 - 13) + (-16 - (5 - 24)) - 16?
-26
What is (-4 - 20) + -100 + 113?
-11
(-1 - 9) + (-4 - -9) + -5 + 10
0
What is the value of 0 + 6 - (-4 + (1 - -12))?
-3
What is 17 + (-42 + -11 - -19)?
-17
What is -1 + 3 - ((-24 - -42) + -14)?
-2
What is (19 - (41 + -51 - (-10 - 0))) + -3?
16
23 - 18 - -3 - 16
-8
What is 6 + -11 - (3 + 11 - (14 + -10))?
-15
Calculate (-10 - 0) + 4 + 9 + 1 + -31.
-27
Calculate -1 + 16 + -13 + -4 + 12 + 2.
12
What is the value of 15 + (12 - -3 - -3 - (18 + -7))?
22
(-9 - (-4 - 1)) + -3 + (4 - 4)
-7
Evaluate (-12 - (1 + (-5 - (3 - 5)))) + 3.
-7
Evaluate -16 + 30 - (19 - 33).
28
What is -64 - (-7 + -73 + 39)?
-23
Calculate 6 + 3 + (-10 - -8) + -2.
5
Calculate 3 + (-5 + 0 + -35 + 24 - -3).
-10
What is the value of 1 + -16 + -2 - (-8 + 7)?
-16
Evaluate -2 - ((7 - 14) + -2 + -9).
16
Calculate 1 + 17 + 36 + (24 - 107).
-29
Evaluate -2 + 7 + 6 - 21.
-10
Evaluate -13 + (-14 - -26) + 18 + (1 - 3).
15
3 + 1 + -6 + (1 - 15) + 9
-7
Evaluate -3 + -1 + (3 - 2) + 4 - -4.
5
Calculate 18 + (-7 - (22 + -10 + -16)).
15
-23 + (33 - -30) - 31
9
What is the value of 10 + (-5 - -3) + -2 + -14?
-8
Evaluate -34 + -5 + 38 + -1 + -5 + 0.
-7
(8 - 0) + (1648 - 1673)
-17
What is the value of -1491 - -1454 - (-22 + 0)?
-15
Evaluate 14 + 6 + -9 - (-5 + 37).
-21
Evaluate (-632 - -630) + -2 + 18 + -1.
13
Calculate -24 - (-2 + 0 + -32).
10
Evaluate 0 - (-11 - 5) - 32.
-16
3 + (-5 - 1 - -4)
1
What is 0 + -6 + 16 + -43 + 25?
-8
Calculate (-15 - -17 - -12) + -19 + -12.
-17
What is the value of -9 + (-1 - -9 - (12 + -25 - -26))?
-14
Evaluate 3 - -34 - (150 - 123).
10
Calculate (-3 - -5 - -10) + -6 + -27.
-21
What is the value of 29 - (41 - (13 + 4))?
5
Evaluate -45 + -31 + 49 + 54.
27
-12 - (1 - 3) - -5
-5
What is the value of -2 - 2 - (3 + 0 + 19 + -24)?
-2
What is the value of -8 + (7 - 3) + -11 + 6?
-9
Evaluate (-2 - 